.
-5a
Convert -1c60 (base 13) to base 6.
-31531
-12034 (base 5) to base 10
-894
Convert -1279 (base 10) to base 6.
-5531
Convert c0d (base 15) to base 13.
1309
Convert -28b (base 15) to base 6.
-2405
Convert -466 (base 13) to base 7.
-2134
45410 (base 6) to base 16
190e
-1000101000111 (base 2) to base 6
-32251
Convert 1014 (base 8) to base 10.
524
12210221 (base 3) to base 6
31341
What is -1540 (base 11) in base 13?
-b94
Convert 101200121 (base 3) to base 16.
1e70
Convert 33605 (base 8) to base 11.
a751
Convert 3100 (base 8) to base 6.
11224
What is 2145 (base 7) in base 12?
540
What is 65a (base 11) in base 10?
791
Convert 10a1 (base 13) to base 14.
bc4
What is -1210222102 (base 3) in base 5?
-2120310
What is -189a (base 16) in base 4?
-1202122
Convert b65 (base 13) to base 11.
1506
What is -332 (base 6) in base 12?
-a8
What is 365 (base 9) in base 16?
12e
-2995 (base 16) to base 10
-10645
Convert de8 (base 15) to base 4.
301013
Convert -92c (base 15) to base 5.
-31232
16610 (base 7) to base 2
1001010011000
721 (base 9) to base 5
4321
Convert 100020202 (base 3) to base 12.
3a9b
What is 20013 (base 4) in base 10?
519
406 (base 13) to base 3
221021
What is 12001 (base 3) in base 14?
9a
2021120 (base 3) to base 5
23122
Convert 33542 (base 8) to base 3.
201110010
Convert 127d (base 15) to base 9.
5361
40f (base 16) to base 13
61c
Convert -30223 (base 4) to base 14.
-41d
Convert 759 (base 13) to base 6.
5453
31b (base 15) to base 11
588
Convert -21120 (base 6) to base 13.
-13b9
Convert -15d (base 15) to base 10.
-313
12014 (base 6) to base 4
123022
What is -254 (base 9) in base 10?
-211
What is 50 (base 13) in base 8?
101
Convert -1022410 (base 5) to base 9.
-25564
-20781 (base 9) to base 6
-143414
What is 4c22 (base 13) in base 4?
2221130
What is -d6c9 (base 14) in base 8?
-110241
What is -801 (base 16) in base 2?
-100000000001
Convert 7172 (base 9) to base 14.
1cad
Convert -10101100001 (base 2) to base 6.
-10213
259 (base 13) to base 8
634
Convert -43512 (base 8) to base 12.
-a68a
Convert -102012212 (base 3) to base 7.
-32561
What is 1100102221 (base 3) in base 7?
140311
Convert 28904 (base 10) to base 9.
43575
Convert -131242 (base 5) to base 8.
-12115
What is -1201 (base 13) in base 5?
-40121
51 (base 6) to base 14
23
Convert -20202010 (base 3) to base 5.
-124132
What is 580 (base 12) in base 15?
396
What is -27b (base 13) in base 7?
-1166
Convert -1162a (base 11) to base 6.
-205242
-1131535 (base 6) to base 5
-3334424
What is -1201450 (base 6) in base 14?
-18b54
What is 100222 (base 4) in base 10?
1066
What is 130446 (base 7) in base 16?
5eb0
What is 12105 (base 6) in base 12?
1035
-13355 (base 6) to base 9
-2768
Convert 1011112 (base 3) to base 12.
5ab
What is 493 (base 11) in base 8?
1112
Convert -5cc (base 13) to base 10.
-1013
Convert -13032 (base 4) to base 3.
-122010
-192a (base 11) to base 4
-212110
Convert -2a75 (base 15) to base 2.
-10001110010110
What is -89 (base 13) in base 2?
-1110001
Convert 25c (base 13) to base 16.
19f
Convert -1343 (base 8) to base 11.
-612
22102 (base 3) to base 16
e3
Convert -10100111101 (base 2) to base 16.
-53d
Convert 204 (base 5) to base 11.
4a
1d2 (base 16) to base 4
13102
What is 121211 (base 3) in base 4?
13012
Convert 1203133 (base 4) to base 11.
4869
What is -221221 (base 3) in base 5?
-10300
Convert -102001 (base 3) to base 6.
-1214
Convert 11100011011 (base 2) to base 13.
a9c
Convert -122045 (base 6) to base 7.
-43400
What is 45664 (base 8) in base 6?
225420
443 (base 10) to base 8
673
Convert 8044 (base 9) to base 6.
43104
22323 (base 4) to base 5
10244
What is -15108 (base 9) in base 8?
-24067
What is -1103 (base 9) in base 14?
-421
What is 101110010000000 (base 2) in base 5?
1224210
-1130220 (base 4) to base 5
-142203
What is -1a (base 14) in base 4?
-120
Convert 11389 (base 13) to base 5.
2001003
What is -1310231 (base 4) in base 6?
-54325
bc49 (base 13) to base 16
6690
-40346 (base 8) to base 15
-4dc9
What is 925 (base 15) in base 11?
1603
-60250 (base 9) to base 14
-105c9
Convert -8a0 (base 12) to base 9.
-1663
Convert -14236 (base 7) to base 14.
-15c6
Convert -30120012 (base 4) to base 7.
-300540
Convert -36725 (base 8) to base 7.
-64102
-202011 (base 3) to base 2
-1000100000
What is -1031 (base 5) in base 6?
-353
-306e (base 16) to base 3
-122000012
1001 (base 8) to base 10
513
What is -1a2 (base 14) in base 4?
-11102
What is db3 (base 14) in base 9?
3635
-67e5 (base 15) to base 4
-11120120
What is 13201 (base 4) in base 9?
584
37732 (base 10) to base 8
111544
Convert 103413 (base 6) to base 15.
281c
Convert -13432 (base 8) to base 9.
-8101
Convert 18 (base 10) to base 4.
102
-234 (base 7) to base 10
-123
-2a075 (base 11) to base 2
-1010011010110010
Convert -15600 (base 10) to base 12.
-9040
What is -20005 (base 6) in base 4?
-220211
Convert 4717 (base 11) to base 14.
2381
What is 1174 (base 13) in base 11?
1938
What is -1164 (base 13) in base 3?
-10100200
1adc (base 14) to base 7
20165
Convert 111001101010 (base 2) to base 16.
e6a
Convert -290 (base 10) to base 12.
-202
1a0a (base 12) to base 3
11100201
4636 (base 8) to base 16
99e
Convert -2202111 (base 3) to base 2.
-11111011011
Convert 422 (base 6) to base 3.
12212
Convert 13230 (base 5) to base 6.
4533
Convert -313334 (base 5) to base 8.
-24345
Convert 1626a (base 14) to base 5.
3232431
169 (base 10) to base 12
121
What is -65113 (base 8) in base 14?
-9cb9
What is 1cc9 (base 16) in base 3?
101002221
10001101 (base 3) to base 9
3041
113533 (base 8) to base 7
220652
What is -31c (base 15) in base 12?
-4a6
22001 (base 3) to base 11
188
-744 (base 14) to base 2
-10110011000
What is 181 (base 9) in base 2?
10011010
Convert 1315 (base 10) to base 13.
7a2
Convert -155135 (base 7) to base 13.
-10c10
Convert -10001110010 (base 2) to base 16.
-472
What is -391 (base 11) in base 2?
-111001111
What is -24465 (base 8) in base 3?
-112110201
Convert 1973 (base 11) to base 9.
3377
27a20 (base 12) to base 10
55032
-10210 (base 9) to base 6
-51100
45221 (base 7) to base 5
331212
What is 70a (base 13) in base 3?
1122012
1011111000 (base 2) to base 16
2f8
Convert 3020012 (base 4) to base 13.
5aa1
Convert 718 (base 11) to base 5.
11431
942 (base 15) to base 6
13355
What is 107d5 (base 14) in base 11?
28041
What is -3036 (base 16) in base 3?
-121221010
What is -272 (base 12) in base 2?
-101110110
-1b1 (base 12) to base 6
-1141
131042 (base 7) to base 4
11330333
-568 (base 13) to base 12
-657
Convert 24242 (base 5) to base 11.
1407
Convert -3839 (base 11) to base 5.
-130003
Convert -14202 (base 7) to base 6.
-25533
Convert 541 (base 8) to base 2.
101100001
793 (base 14) to base 9
2047
23012 (base 4) to base 12
4b2
Convert -a4b (base 13) to base 4.
-123121
What is 438 (base 11) in base 12?
379
Convert -2011 (base 3) to base 16.
-3a
What is 831 (base 9) in base 14?
364
535 (base 12) to base 6
3305
3505 (base 6) to base 11
698
What is -25b1 (base 14) in base 3?
-100002022
What is -14116 (base 10) in base 5?
-422431
120111 (base 3) to base 14
21c
What is 43697 (base 12) in base 14?
2468b
What is -20221 (base 4) in base 10?
-553
620 (base 7) to base 6
1232
-12163 (base 8) to base 9
-7156
What is 352 (base 6) in base 16?
8c
4a1 (base 11) to base 6
2431
-1209 (base 14) to base 11
-23aa
Convert -103300 (base 4) to base 6.
-5504
Convert 11202 (base 4) to base 3.
111010
-18 (base 13) to base 11
-1a
-2110 (base 14) to base 8
-13102
What is 65670 (base 9) in base 11?
2a800
Convert -111b (base 13) to base 5.
-34030
-120 (base 16) to base 13
-192
What is 622 (base 8) in base 11?
336
What is 10001 (base 2) in base 10?
17
-372 (base 10) to base 14
-1c8
-b970 (base 12) to base 11
-14355
What is 121450 (base 8) in base 7?
232526
What is 25100 (base 8) in base 12?
6314
Convert -21030 (base 5) to base 4.
-111232
365251 (base 7) to base 9
111414
What is 32 (base 11) in base 13?
29
-967 (base 11) to base 6
-5214
-12154 (base 6) to base 5
-24143
What is -10103222 (base 4) in base 6?
-213402
What is -3406 (base 7) in base 4?
-103033
-758 (base 13) to base 10
-1256
Convert 537 (base 10) to base 5.
4122
What is -21752 (base 9) in base 10?
-14465
Convert 3d2 (base 16) to base 2.
1111010010
What is 1351243 (base 6) in base 9?
126280
Convert 6573 (base 11) to base 3.
102220011
-1